.
8
Let b(o) = 70*o + 5725. What is b(-82)?
-15
Let t(k) = -10*k - 4. What is t(-1)?
6
Let h(k) = k**3 - 2*k**2 - 14*k - 19. What is h(-3)?
-22
Let s(c) = -12*c + 1660. Determine s(91).
568
Let k(z) = -359*z**3 + z**2 + 21*z + 19. Determine k(-1).
358
Let p(d) = -1318*d + 25047. Give p(19).
5
Let y(h) = 29*h - 5834. Calculate y(201).
-5
Let t(h) = -518*h + 1035. Calculate t(2).
-1
Let s(n) = n**2 - 5*n - 221. What is s(-12)?
-17
Let d(v) = -v**3 - 33*v**2 + 24*v + 429. Calculate d(-33).
-363
Let w(n) = -264*n + 4438. Determine w(17).
-50
Let x(u) = u**3 - 13*u**2 + 36*u - 1000. What is x(15)?
-10
Let t(m) = -87*m**3 + 4*m**2 - 3*m + 3. Determine t(1).
-83
Let z(x) = -4*x**2 - 118*x + 20. What is z(-29)?
78
Let q(f) = 104*f + 177. Determine q(-2).
-31
Let r(o) = 438*o + 3084. Give r(-7).
18
Let w(s) = 160*s**2 - 5*s + 25. What is w(0)?
25
Let m(b) = -37*b**2 - 11*b - 16. What is m(-1)?
-42
Let o(d) = 682*d - 19780. Calculate o(29).
-2
Let g(i) = -12*i + 81. Calculate g(10).
-39
Let i(k) = 2*k**2 - 47*k - 37. Give i(24).
-13
Let p(l) = 12*l + 366. Give p(-27).
42
Let r(x) = 39*x + 214. Determine r(6).
448
Let d(s) = 3*s**3 + 24*s**2 + 30*s - 63. Give d(-6).
-27
Let q(p) = -87*p + 526. Calculate q(4).
178
Let q(k) = k**3 + 12*k**2 - 3*k - 42. Give q(-13).
-172
Let q(g) = -12*g**3 + 10*g**2 + 24*g + 43. Calculate q(-2).
131
Let h(f) = f**3 + 17*f**2 + 30*f - 64. Determine h(-12).
296
Let r(c) = c**2 - 162*c - 3264. Give r(-18).
-24
Let q(y) = 34*y**2 - 256*y + 333. Give q(6).
21
Let t(d) = 32*d - 290. Give t(8).
-34
Let h(o) = 830*o - 7497. What is h(9)?
-27
Let x(s) = s**3 + 19*s**2 + 65*s + 90. Determine x(-15).
15
Let y(f) = 4*f**2 - 69*f + 205. Determine y(3).
34
Let x(s) = -4*s**3 + 12*s**2 - 37*s + 22. Determine x(5).
-363
Let o(d) = -5*d**2 + 53*d + 257. Calculate o(-3).
53
Let s(w) = -2619*w + 68089. Give s(26).
-5
Let y(v) = -3*v**2 + 5*v - 49. Calculate y(8).
-201
Let x(t) = -2*t**3 - 245*t**2 - 491*t - 12. What is x(-2)?
6
Let x(w) = -w**2 - 254*w - 15544. Calculate x(-103).
9
Let p(t) = t**3 - 80*t**2 - 188*t + 1952. Calculate p(82).
-16
Let a(j) = -6*j + 18. Calculate a(1).
12
Let b(d) = -d**2 - 378*d - 3005. Calculate b(-8).
-45
Let t(j) = j**3 - 12*j**2 - 5*j - 106. Calculate t(13).
-2
Let c(m) = -m**3 - 33*m**2 - 85*m + 158. Give c(-30).
8
Let j(b) = -84*b - 7889. Calculate j(-94).
7
Let m(f) = f**3 - 11*f**2 + 50*f - 285. Calculate m(9).
3
Let n(m) = 32*m**2 - 2295*m - 649. Calculate n(72).
-1
Let a(b) = 8*b**2 - 2*b - 12. What is a(3)?
54
Let q(s) = 7*s + 1. What is q(-3)?
-20
Let r(h) = -2*h**3 + 84*h**2 - 848*h - 373. What is r(24)?
11
Let d(j) = 2*j**2 + 230*j - 3586. Determine d(14).
26
Let g(u) = -1551*u + 27923. Give g(18).
5
Let q(d) = 7*d**3 + 3*d**2 - 9*d + 5. Determine q(1).
6
Let v(d) = -32*d**3 - 999*d**2 - 214*d + 77. Give v(-31).
-16
Let v(d) = 219*d + 11616. Determine v(-53).
9
Let a(k) = k**2 + 56*k + 749. Calculate a(-22).
1
Let a(l) = -l**2 - 36*l + 347. Give a(8).
-5
Let z(l) = -l**3 - 9*l**2 - 18*l - 7. Calculate z(-7).
21
Let s(u) = 4*u**2 - 6*u - 94. Calculate s(8).
114
Let p(z) = z**3 + 5*z**2 + 4*z + 113. Give p(-7).
-13
Let p(y) = -8*y**2 + 37*y + 29. Determine p(-2).
-77
Let j(i) = -1701*i + 10288. Determine j(6).
82
Let p(k) = -108*k + 982. Give p(9).
10
Let v(b) = b**3 - 18*b**2 - 243*b - 10. Calculate v(27).
-10
Let t(l) = l**3 + 21*l**2 - 50*l - 45. Determine t(-23).
47
Let i(r) = r**3 - r**2 - 49*r - 416. Calculate i(10).
-6
Let w(v) = -3*v**3 + 17*v**2 - 20*v + 147. Determine w(6).
-9
Let g(j) = j**3 + 62*j**2 - 198*j - 182. Determine g(-65).
13
Let m(n) = -2*n**3 - n**2 + n - 133. What is m(0)?
-133
Let h(v) = 3*v**2 + 211*v - 2409. What is h(10)?
1
Let o(n) = -185*n + 3508. Calculate o(19).
-7
Let p(n) = -n**2 + 15*n + 159. What is p(23)?
-25
Let b(q) = 41*q + 97. Calculate b(-12).
-395
Let v(o) = -o**2 + 2*o + 1265. What is v(-35)?
-30
Let a(w) = -6*w**2 + 154*w - 945. Determine a(16).
-17
Let x(j) = -j**3 + 69*j**2 - 258*j - 124. Determine x(65).
6
Let c(a) = a**3 + 12*a**2 - 29*a - 24. Calculate c(-9).
480
Let u(p) = -38*p**2 + p - 1. Calculate u(-1).
-40
Let w(s) = 2*s**2 - 56*s + 380. Determine w(12).
-4
Let c(g) = g**2 + 2730*g + 64938. What is c(-24)?
-6
Let c(l) = 4*l**3 - 95*l**2 + 110*l - 15. Calculate c(1).
4
Let m(d) = 11*d - 96. Give m(-52).
-668
Let v(b) = 14*b + 199. Give v(20).
479
Let n(g) = -26*g + 60. What is n(12)?
-252
Let j(g) = 8*g + 162. Determine j(-18).
18
Let t(r) = -1550*r - 7745. Determine t(-5).
5
Let u(p) = -4*p**3 + 551*p**2 - 431*p + 2738. Determine u(137).
-2
Let v(h) = -182*h - 3470. Calculate v(-19).
-12
Let l(a) = a**3 + 6*a**2 - 75*a - 122. Calculate l(7).
-10
Let k(n) = -n**3 - 33*n**2 - 6*n - 135. What is k(-33)?
63
Let y(z) = -5*z - 32. What is y(-9)?
13
Let u(h) = 35*h - 2263. Give u(65).
12
Let b(g) = 5*g**2 - 38*g + 78. Calculate b(3).
9
Let n(y) = -130*y + 352. What is n(-3)?
742
Let a(l) = 3*l**2 + 15*l - 50. Calculate a(8).
262
Let y(a) = -4*a - 202. Determine y(-23).
-110
Let d(z) = -7*z**3 + 1309*z**2 - 2*z + 372. Determine d(187).
-2
Let f(t) = t**3 - 8*t**2 - t + 72. Calculate f(5).
-8
Let j(n) = -7*n**3 - 5*n**2 - 5*n - 17. Calculate j(-2).
29
Let y(u) = 132*u - 2245. Determine y(17).
-1
Let y(c) = -6*c + 271. What is y(52)?
-41
Let y(o) = -150*o + 118. Give y(-3).
568
Let o(j) = 13*j**2 + 13*j + 69. Give o(-5).
329
Let p(k) = 253*k - 3288. What is p(13)?
1
Let d(t) = -137*t - 659. Determine d(-5).
26
Let c(w) = w**2 - 14*w - 203. Give c(-9).
4
Let s(w) = w**3 - 57*w**2 + 169*w + 22. Determine s(54).
400
Let v(o) = 4*o - 363. Calculate v(92).
5
Let g(p) = 22*p + 459. Calculate g(-23).
-47
Let o(z) = 6*z**2 + 106*z + 422. What is o(-11)?
-18
Let s(h) = -h**3 - 10*h**2 - 15*h - 95. What is s(-9)?
-41
Let d(r) = 16*r**3 + 145*r**2 + 9*r + 119. What is d(-9)?
119
Let k(t) = -t**3 + 12*t**2 - 20*t - 26. What is k(7)?
79
Let x(o) = o**2 - 13*o - 26. Determine x(0).
-26
Let n(r) = -2*r**3 + 109*r**2 - 58*r + 162. Determine n(54).
-54
Let p(b) = 23*b - 1175. Give p(12).
-899
Let z(r) = 110*r - 4611. Give z(42).
9
Let m(k) = -k**3 - 20*k**2 - 86*k + 26. What is m(-7)?
-9
Let o(f) = -f**3 + 58*f**2 + 126*f - 380. Give o(60).
-20
Let o(m) = m**3 - 6*m**2 + 699*m - 4942. Determine o(7).
0
Let h(x) = -21*x + 827. Determine h(38).
29
Let x(p) = -p**3 - 7*p**2 - 3*p - 24. What is x(-6)?
-42
Let f(j) = -14*j**3 - 121*j**2 + 37*j - 14. What is f(-9)?
58
Let s(m) = -32*m + 1364. What is s(17)?
820
Let n(k) = 2*k**2 + 7*k + 5. Calculate n(-5).
20
Let h(y) = 160*y + 4645. Determine h(-29).
5
Let l(a) = 29*a**3 - a**2 - 5*a + 6. Calculate l(-2).
-220
Let c(w) = -w**3 + 5*w**2 + 58*w + 363. Give c(-6).
411
Let c(k) = 48*k + 1966. Give c(-41).
-2
Let d(z) = z**3 - 294*z**2 + 584*z + 2. What is d(2)?
2
Let x(i) = -7*i**2 + 32*i + 63. Give x(6).
3
Let k(q) = -q**3 - 22*q**2 - 54*q + 81. Give k(-19).
24
Let t(i) = 3*i**2 + 387*i + 2212. Give t(-123).
-2
Let g(n) = 598*n - 5388. Calculate g(9).
-6
Let f(t) = -209*t - 2927. Calculate f(-14).
-1
Let a(u) = 148*u + 1064. What is a(-8)?
-120
Let w(i) = 29*i**2 - 6*i - 31. Give w(-3).
248
Let d(w) = 182*w**2 + 18*w. Give d(-1).
164
Let p(h) = 4*h**2 + 2988*h - 5982. Calculate p(2).
10
Let t(m) = m**2 + 24*m - 27. What is t(5)?
118
Let y(o) = 950*o + 6652. Give y(-7).
2
Let w(i) = -i**2 + 66*i - 654. Give w(14).
74
Let i(a) = -a**3 + 68*a**2 + 71*a - 37. What is i(69)?
101
Let d(f) = -f**3 + 52*f**2 - 48*f - 159. Determine d(51).
-6
Let n(t) = t**3 + 74*t**2 - 162*t - 810. Determine n(-76).
-50
Let q(d) = d**3 + 43*d**2 - 526*d + 142. Calculate q(-53).
-70
Let r(p) = 4*p**2 + 50*p + 223. Calculate r(-5).
73
Let u(c) = 178*c - 10530. What is u(59)?
-28
Let r(m) = -m**3 - 10*m**2 - 15*m + 5. Give r(-8).
-3
Let a(r) = r**3 + r**2 - 30*r - 10. What is a(-6)?
-10
Let d(c) = -c**3 - 31*c**2 - 129*c + 9. Determine d(-5).
4
Let l(h) = 4*h**3 + 2*h**2 - 3*h + 1. What is l(-1)?
2
Let o(z) = 2*z**3 - 13*z**2 - 158*z + 976. Give o(6).
-8
Let f(x) = x**3 + 40*x**2 + 71*x + 47. Determine f(-38).
237
Let p(s) = 2*s**3 + 8*s**2 - 19*s - 27. What is p(-7)?
-188
Let i(z) = 7*z**2 + 6*z + 4. What is i(-3)?
49
Let t(h) = h**2 + 357*h + 5744. Calculate t(-17).
-36
Let t(q) = -51*q + 2489. What is t(49)?
-10
Let b(y) = -4*y**2 + 20*y - 21. Dete